{"id":10647,"date":"2024-11-19T14:40:03","date_gmt":"2024-11-19T13:40:03","guid":{"rendered":"https:\/\/congress.lubelskie.pl\/iv-edycja\/"},"modified":"2024-11-19T14:42:45","modified_gmt":"2024-11-19T13:42:45","slug":"iv-edycja","status":"publish","type":"page","link":"https:\/\/congress.lubelskie.pl\/en\/iv-edycja\/","title":{"rendered":"IV Edycja"},"content":{"rendered":"<center>\r\n<div style=\"width: 640px;\" class=\"wp-video\"><!--[if lt IE 9]><script>document.createElement('video');<\/script><![endif]-->\n<video class=\"wp-video-shortcode\" id=\"video-10647-1\" width=\"640\" height=\"360\" poster=\"http:\/\/congress.lubelskie.pl\/wp-content\/uploads\/2024\/06\/3morze_2024.png\" preload=\"metadata\" controls=\"controls\"><source type=\"video\/mp4\" src=\"https:\/\/congress.lubelskie.pl\/wp-content\/uploads\/2024\/06\/3morze_2024_YT%20SUBBED-MP4%20HQ.mp4?_=1\" \/><a href=\"https:\/\/congress.lubelskie.pl\/wp-content\/uploads\/2024\/06\/3morze_2024_YT%20SUBBED-MP4%20HQ.mp4\">https:\/\/congress.lubelskie.pl\/wp-content\/uploads\/2024\/06\/3morze_2024_YT%20SUBBED-MP4%20HQ.mp4<\/a><\/video><\/div>\r\n<\/center>\r\n<p>&nbsp; &nbsp; &nbsp; &nbsp; &nbsp; &nbsp; &nbsp;<\/p>\r\n<ul>\r\n<li>Agenda 2024 I dzien&nbsp;<\/li>\r\n<li>Agenda 2024 II dzien&nbsp;<\/li>\r\n<li><a href=\"https:\/\/congress.lubelskie.pl\/wp-content\/uploads\/2024\/11\/Folder-IV-Kongres-Trojmorza-2024.pdf\">Raport 2024<\/a><\/li>\r\n<li>Prelegenci IV edycji I dzie\u0144<\/li>\r\n<li>Prelegenci IV edycji II dzie\u0144<\/li>\r\n<li><a href=\"https:\/\/wojewodztwolubelskie.pixieset.com\/samorzdowykongrestrjmorzaforumgospodarcze2024\/\">Zdj\u0119cia\/Video IV Edycja<\/a><\/li>\r\n<\/ul>\r\n<p>&nbsp;<\/p>","protected":false},"excerpt":{"rendered":"<p>&nbsp; &nbsp; &nbsp; &nbsp; &nbsp; &nbsp; &nbsp; Agenda 2024 I dzien&nbsp; Agenda 2024 II dzien&nbsp; Raport 2024 Prelegenci IV edycji I dzie\u0144 Prelegenci IV edycji II dzie\u0144 Zdj\u0119cia\/Video IV Edycja &nbsp;<\/p>\n","protected":false},"author":81,"featured_media":0,"parent":0,"menu_order":0,"comment_status":"closed","ping_status":"closed","template":"","meta":{"ngg_post_thumbnail":0},"acf":[],"_links":{"self":[{"href":"https:\/\/congress.lubelskie.pl\/en\/wp-json\/wp\/v2\/pages\/10647"}],"collection":[{"href":"https:\/\/congress.lubelskie.pl\/en\/wp-json\/wp\/v2\/pages"}],"about":[{"href":"https:\/\/congress.lubelskie.pl\/en\/wp-json\/wp\/v2\/types\/page"}],"author":[{"embeddable":true,"href":"https:\/\/congress.lubelskie.pl\/en\/wp-json\/wp\/v2\/users\/81"}],"replies":[{"embeddable":true,"href":"https:\/\/congress.lubelskie.pl\/en\/wp-json\/wp\/v2\/comments?post=10647"}],"version-history":[{"count":1,"href":"https:\/\/congress.lubelskie.pl\/en\/wp-json\/wp\/v2\/pages\/10647\/revisions"}],"predecessor-version":[{"id":10648,"href":"https:\/\/congress.lubelskie.pl\/en\/wp-json\/wp\/v2\/pages\/10647\/revisions\/10648"}],"wp:attachment":[{"href":"https:\/\/congress.lubelskie.pl\/en\/wp-json\/wp\/v2\/media?parent=10647"}],"curies":[{"name":"wp","href":"https:\/\/api.w.org\/{rel}","templated":true}]}}

<center>
<div style="width: 640px;" class="wp-video"><!--[if lt IE 9]><script>document.createElement('video');</script><![endif]-->
<video class="wp-video-shortcode" id="video-10647-1" width="640" height="360" poster="http://congress.lubelskie.pl/wp-content/uploads/2024/06/3morze_2024.png" preload="metadata" controls="controls"><source type="video/mp4" src="https://congress.lubelskie.pl/wp-content/uploads/2024/06/3morze_2024_YT%20SUBBED-MP4%20HQ.mp4?_=1" /><a href="https://congress.lubelskie.pl/wp-content/uploads/2024/06/3morze_2024_YT%20SUBBED-MP4%20HQ.mp4">https://congress.lubelskie.pl/wp-content/uploads/2024/06/3morze_2024_YT%20SUBBED-MP4%20HQ.mp4</a></video></div>
</center>
<p>&nbsp; &nbsp; &nbsp; &nbsp; &nbsp; &nbsp; &nbsp;</p>
<ul>
<li>Agenda 2024 I dzien&nbsp;</li>
<li>Agenda 2024 II dzien&nbsp;</li>
<li><a href="https://congress.lubelskie.pl/wp-content/uploads/2024/11/Folder-IV-Kongres-Trojmorza-2024.pdf">Raport 2024</a></li>
<li>Prelegenci IV edycji I dzień</li>
<li>Prelegenci IV edycji II dzień</li>
<li><a href="https://wojewodztwolubelskie.pixieset.com/samorzdowykongrestrjmorzaforumgospodarcze2024/">Zdjęcia/Video IV Edycja</a></li>
</ul>
<p>&nbsp;</p>

<p>&nbsp; &nbsp; &nbsp; &nbsp; &nbsp; &nbsp; &nbsp; Agenda 2024 I dzien&nbsp; Agenda 2024 II dzien&nbsp; Raport 2024 Prelegenci IV edycji I dzień Prelegenci IV edycji II dzień Zdjęcia/Video IV Edycja &nbsp;</p>
